 + 34. What is the remainder when i is divided by r?
11
Let n = 741 - 727. Calculate the remainder when ((-24)/(-10))/(-3*n/(-315)) is divided by 13.
5
Let t = -381 - -697. Let j = t + -199. What is the remainder when j is divided by 45?
27
Let c = -1174 + 1207. Suppose 3*f = 2*g - c, -5*g + 33 = f - 7. What is the remainder when 2/(-2) + 17*2 is divided by g?
6
Let c = 1117 + -1115. What is the remainder when 11 is divided by c?
1
Let c = 10209 + -8070. What is the remainder when c is divided by 1067?
5
Let r(f) = 8*f - 31*f + 216 + 157 - 325 + f**2. Calculate the remainder when 142 is divided by r(23).
46
Let n(x) = x**2 + 39*x + 312. Calculate the remainder when n(40) is divided by 193.
191
Suppose 5*m + 4*q = 49, 15 = 3*m + q - 13. Suppose -m*x + 3*g + 27 = -6*x, -x = 5*g + 9. Calculate the remainder when 10 is divided by x.
4
Suppose -5*j + 2*f + 249 = -164, 3*f = -2*j + 169. What is the remainder when j is divided by (3 + (-44)/16)/(1 + (-33)/36)?
2
Let j(d) = 23*d**2 + 16*d - 45. What is the remainder when j(6) is divided by 17?
12
Suppose 99 = 2*f - g, g = -4*f + 5*f - 52. Let l = 156 + f. Calculate the remainder when l is divided by 51.
50
Let m = 7149 - 6872. What is the remainder when m is divided by 2?
1
Let l = 135 - 70. Let m = -424 - -426. Suppose 30 = m*n + 8. Calculate the remainder when l is divided by n.
10
Suppose -4*v + 80 = -4*h, -7*v + 50 = -5*v - 4*h. Calculate the remainder when 76 is divided by 0 + -10 + 5 - (-2 - v).
4
Calculate the remainder when (-1210 - -19)/(27/(-9)) is divided by 101.
94
Let l = 1643 - 1612. Calculate the remainder when 237 is divided by l.
20
Suppose 4*n - 3*a = 2*n + 17, -a = 3. Let z be (2/(-4))/(n/(-48)*-1). Calculate the remainder when 34 is divided by (-46)/z + ((-22)/6 - -3).
6
Suppose 488 = 2*q - 4*a, 3*a + 24 - 792 = -3*q. Let z = q + -124. Calculate the remainder when z is divided by 41.
5
Suppose 5 + 1 = -3*v. Let a be (-5)/v*(-20)/(-2). Let w = a - 17. What is the remainder when 20 is divided by w?
4
Suppose -6*d = -d - 15. Suppose 5*c + 3*z = 22, -c + 11 - 3 = -d*z. Calculate the remainder when 24 is divided by 2/(-3 - (-17)/c).
4
Let h(r) = 3*r**3 + 2*r**2 - 3*r - 35. What is the remainder when 1202 is divided by h(3)?
47
Let k be -22 - 6/(2*6/(-8)). What is the remainder when 516 is divided by (-3)/k + (-562)/(-12)?
46
Suppose 250*q = 256*q - 2682. Let s = q - 390. Calculate the remainder when s is divided by 45.
12
Suppose -16*x = -1464 - 6376. What is the remainder when x is divided by 45?
40
Let t(w) = -20*w - 58. Let v be t(-5). Let h = -39 + v. Suppose 2*s - s = 1. Calculate the remainder when h is divided by s.
0
Let u(w) = w**2 - 257*w - 1799. Let l = -2 + 20. Calculate the remainder when u(-7) is divided by l.
13
Let g = -910 + 954. Calculate the remainder when 90 is divided by g.
2
Suppose -n + 7*n = -42. Let b = 40 - n. Suppose 0 = -5*k + 10, -x + 4*x - b = 5*k. Calculate the remainder when x is divided by 11.
8
Let t(z) = z + 9. Let w be t(-6). Suppose 33 = 8*u + w*u. Suppose -38 = m - u*m. Calculate the remainder when m is divided by 14.
5
Suppose -5*n + 3571 + 11265 = -2*t, 2*n - 5929 = -t. What is the remainder when n is divided by 43?
42
Suppose -2719*a - 572 = -2720*a. Calculate the remainder when 578 is divided by a.
6
Let t(l) = -l**3 - l**2 + 93*l + 1149. Calculate the remainder when t(-11) is divided by 28.
20
Let v = 4811 - 4793. What is the remainder when 930 is divided by v?
12
Let q(r) = -5*r**2 - 11*r**2 + 84 + r**3 + 12*r**2 + 28*r + 30*r**2. What is the remainder when 384 is divided by q(-25)?
6
Suppose -2*p + 4*u - 172 = -6*p, 3*p = -2*u + 132. Suppose -2*y + p = -2*a, 0 = 4*y + 5*a - 2*a - 127. Calculate the remainder when 44 is divided by y.
16
Let c(d) = -d**3 - 8*d**2 + 9*d + 6. Let p be c(-9). What is the remainder when 104 is divided by (-2*1/p)/(1/(-21))?
6
Suppose 0 = -5*f + f - 4*r + 128, 0 = -5*r - 10. What is the remainder when f is divided by 8 - ((-216)/(-18) + -22)?
16
Suppose 0 = 4*d - 5*s - 9, 2*d - 4*s - 4 = 2. Let x = 12 - -24. Let a = x + d. Calculate the remainder when 146 is divided by a.
35
Let g(w) = 79*w**3 - w**2 + w + 3. Let o be g(-1). Calculate the remainder when 4365/(-6)*52/o is divided by 49.
44
Let c(o) = 73*o**2 + 4*o - 2. Suppose 3*a - 2*a - 11 = -4*p, -2*p - 2*a - 2 = 0. Suppose -6 = -2*b - p*b. What is the remainder when c(b) is divided by 26?
23
Suppose -3*s + 118 = 2*d, -48*d + 2*s + 238 = -43*d. What is the remainder when 996 is divided by d?
46
Let k = -8551 - -9616. What is the remainder when k is divided by 134?
127
Let r = -1028 - -1353. Calculate the remainder when r is divided by 25.
0
Suppose -q = -4*h + 1788, 0 = -h - 15*q + 12*q + 434. Calculate the remainder when h is divided by 146.
8
What is the remainder when 434 is divided by (1252/16 + 2 - -8) + (-25)/20?
86
Let h(s) = -s**2 - s - 3. Let g be h(0). Let t be 4/(-2) + (-6)/g. Suppose -8*y + 288 = -t*y. Calculate the remainder when y is divided by 10.
6
Let t = 275 + -275. Suppose -19*v + 2*v + 544 = t. What is the remainder when 253 is divided by v?
29
Suppose -13 = -2*x + 181. Let m = 72 - 44. Suppose -8 + m = r. What is the remainder when x is divided by r?
17
Suppose 7*y - 182 = -3*r, 18*y = 23*y - 5*r - 80. Calculate the remainder when 3515 is divided by y.
19
Suppose -j = -5*z + 1046, -5*z - 781*j = -778*j - 1042. What is the remainder when 832 is divided by z?
205
Let q = 701 - 703. Suppose 2*y - 4*o = -22, 0 = 3*y + 3*o + 2 + 22. Calculate the remainder when (41/q - 0)*(y - -7) is divided by 7.
6
Suppose -3*y - 2*n - 2*n + 4481 = 0, -4*y + 5976 = 6*n. What is the remainder when y is divided by 106?
7
Let z(h) = h**3 - 132*h**2 + 133*h - 228. What is the remainder when 675 is divided by z(131)?
29
Suppose 16*d - 9*d = 3*d. Suppose -8*a + 83 + 309 = d. What is the remainder when 93 is divided by a?
44
Let f(t) = -t + 1. Let x(m) = 8*m**2 - 2*m - 2. Let l be x(-1). Suppose -7*a + l + 27 = 0. Calculate the remainder when f(-5) is divided by a.
1
Suppose -2*y + 6 = 0, 138 = -0*d + 3*d - 4*y. Let v = 12 + -18. What is the remainder when d is divided by (v/3 - -3) + 20 + -3?
14
Let z = 10273 + -10097. Calculate the remainder when 348 is divided by z.
172
Let j(i) = i**2 + 24*i + 38. What is the remainder when j(33) is divided by 24?
23
Suppose 4*z = 3*r + 2722, 3*z + r - 2730 = -z. Suppose 17*i - z = -5*i. Calculate the remainder when i is divided by 11.
9
Let k(r) = -7*r**2 + 468*r - 353. What is the remainder when k(65) is divided by 208?
76
Let v = 17 + -2. Calculate the remainder when (-3)/15 - (-1668)/v is divided by 30.
21
Let x = -10692 - -10784. What is the remainder when 820 is divided by x?
84
Suppose 0 = 3*u - 0*u - 24. Calculate the remainder when ((-234)/(-4) + -1)*1156/1445 is divided by (8 + 0)/(4/u).
14
Suppose 203*j = 318*j - 121900. Calculate the remainder when j is divided by 25.
10
Let w(i) = -22*i**2 - 334*i - 19. What is the remainder when 188 is divided by w(-15)?
24
Suppose -4050*s - 7055 = -4067*s. Calculate the remainder when s is divided by 127.
34
Let s(p) = 2*p**2 + 7*p + 6. Let l(r) = 2*r**2 + 24*r - 37. Let k be l(-20). Suppose -3*v - 166 + k = 0. Calculate the remainder when v is divided by s(-4).
9
Suppose 2*j + 2*c - 3*c = 24, 3*c = -6. Let r = 5 - j. Let p = r + 33. What is the remainder when 51 is divided by p?
24
Suppose 36*a - 40*a = 2*s - 1036, 0 = -4*s - 3*a + 2092. Calculate the remainder when s is divided by 1.
0
Suppose -s + 19 = -0. Let z(t) = -31*t - 26. Calculate the remainder when s is divided by z(-1).
4
Suppose 6867 = 331*o + 1240. Calculate the remainder when 3653 is divided by o.
15
Let j(h) = -h**3 - 47*h**2 + 51*h + 298. What is the remainder when 439 is divided by j(-48)?
131
Suppose -z + 14 + 16 = 0. Let f(i) = -i**3 - 9*i**2 + 9*i - 4. Let s be f(-10). What is the remainder when (s/(-24)*102)/((-6)/20) is divided by z?
25
Let w = -326 + 351. Suppose w*m - 28*m + 96 = 0. Calculate the remainder when 42 is divided by m.
10
Let r = -300 + 304. Suppose -2*k - 2*p = -240, 12 = -r*p - 0. Calculate the remainder when k is divided by 40.
3
Let m = 71 - 43. Suppose 2*x - 74 - m = 0. Calculate the remainder when (-2714)/(-18) + (235/45 - 5) is divided by x.
49
Suppose -6*v - 50 = -v. Let n(u) = u**2 + 